emainder when 12206841 is divided by 1109708.
53
What is the remainder when 82431 is divided by 13501?
1425
Calculate the remainder when 3871 is divided by 10.
1
What is the remainder when 6908410 is divided by 165?
25
Calculate the remainder when 254118 is divided by 84553.
459
Calculate the remainder when 727517 is divided by 181807.
289
Calculate the remainder when 627249 is divided by 1098.
291
What is the remainder when 142988 is divided by 1373?
196
What is the remainder when 22976 is divided by 2655?
1736
Calculate the remainder when 6863174 is divided by 1715777.
66
What is the remainder when 112721 is divided by 1983?
1673
Calculate the remainder when 68586011 is divided by 17146501.
7
What is the remainder when 177226029 is divided by 3?
0
What is the remainder when 597347 is divided by 18667?
3
Calculate the remainder when 362036 is divided by 317.
22
What is the remainder when 136368 is divided by 4547?
4505
Calculate the remainder when 514689 is divided by 89.
2
Calculate the remainder when 18961106 is divided by 27843.
23
Calculate the remainder when 205343 is divided by 7.
5
What is the remainder when 103407288 is divided by 57?
54
Calculate the remainder when 42234 is divided by 2350.
2284
What is the remainder when 1751620 is divided by 37?
3
Calculate the remainder when 375576 is divided by 213.
57
Calculate the remainder when 323329 is divided by 10775.
79
What is the remainder when 923339 is divided by 2369?
1798
What is the remainder when 17020 is divided by 1050?
220
What is the remainder when 26170 is divided by 26086?
84
Calculate the remainder when 133147 is divided by 307.
216
What is the remainder when 4839133 is divided by 154?
145
Calculate the remainder when 3694736 is divided by 36222.
92
Calculate the remainder when 6587285 is divided by 58.
51
Calculate the remainder when 45516717 is divided by 1943.
1942
Calculate the remainder when 7326588 is divided by 476.
472
Calculate the remainder when 3246686 is divided by 24.
14
Calculate the remainder when 3086207 is divided by 667.
665
What is the remainder when 204294717 is divided by 7224?
7221
Calculate the remainder when 538123 is divided by 645.
193
What is the remainder when 367535 is divided by 183572?
391
Calculate the remainder when 3760466312 is divided by 16585.
16582
Calculate the remainder when 400807 is divided by 7907.
5457
Calculate the remainder when 44320859 is divided by 23.
20
What is the remainder when 255594 is divided by 225?
219
Calculate the remainder when 210706 is divided by 1728.
1618
Calculate the remainder when 218505 is divided by 2455.
10
Calculate the remainder when 122693 is divided by 30672.
5
Calculate the remainder when 1030966 is divided by 695.
281
Calculate the remainder when 5109623 is divided by 237.
140
Calculate the remainder when 288133 is divided by 48019.
19
What is the remainder when 984834 is divided by 196964?
14
Calculate the remainder when 431891 is divided by 17985.
251
What is the remainder when 2145739 is divided by 73991?
0
Calculate the remainder when 3123221 is divided by 1561597.
27
Calculate the remainder when 2685971 is divided by 44766.
11
Calculate the remainder when 98019847 is divided by 380.
367
What is the remainder when 499078 is divided by 2903?
2665
What is the remainder when 9094902 is divided by 8367?
8340
Calculate the remainder when 507909 is divided by 108.
93
Calculate the remainder when 14353174 is divided by 1490.
4
What is the remainder when 5430331 is divided by 258587?
4
Calculate the remainder when 5996617 is divided by 580.
577
Calculate the remainder when 571011 is divided by 570017.
994
What is the remainder when 128389 is divided by 2253?
2221
What is the remainder when 421210 is divided by 1652?
1602
Calculate the remainder when 52581 is divided by 73.
21
What is the remainder when 469586 is divided by 66726?
2504
Calculate the remainder when 513615 is divided by 36686.
11
What is the remainder when 991822 is divided by 16?
14
What is the remainder when 94218 is divided by 11761?
130
What is the remainder when 7516759 is divided by 297?
283
Calculate the remainder when 150761 is divided by 86.
3
Calculate the remainder when 7589591 is divided by 51280.
151
What is the remainder when 3618951 is divided by 452361?
63
What is the remainder when 5206458 is divided by 45?
3
Calculate the remainder when 90564 is divided by 88761.
1803
What is the remainder when 148227 is divided by 3319?
2191
What is the remainder when 287941 is divided by 2932?
605
What is the remainder when 69709 is divided by 1243?
101
Calculate the remainder when 746087 is divided by 273.
251
What is the remainder when 18468999 is divided by 2300?
2299
Calculate the remainder when 519779 is divided by 103881.
374
What is the remainder when 8841907 is divided by 1473608?
259
What is the remainder when 90713 is divided by 1056?
953
What is the remainder when 23934 is divided by 1330?
1324
Calculate the remainder when 37140133 is divided by 37140100.
33
Calculate the remainder when 2270332 is divided by 5822.
5574
Calculate the remainder when 178620 is divided by 22315.
100
What is the remainder when 10217081 is divided by 264?
17
What is the remainder when 1929612 is divided by 1767?
48
Calculate the remainder when 51328 is divided by 1895.
163
Calculate the remainder when 2421400 is divided by 159.
148
Calculate the remainder when 4438754 is divided by 1085.
19
What is the remainder when 2255942 is divided by 527?
382
What is the remainder when 1966290 is divided by 9880?
170
What is the remainder when 1271236 is divided by 1132?
0
What is the remainder when 47667515 is divided by 17793?
68
What is the remainder when 55549 is divided by 27589?
371
What is the remainder when 10432338 is divided by 10?
8
What is the remainder when 9090874 is divided by 243?
1
What is the remainder when 676341 is divided by 61481?
50
Calculate the remainder when 329820 is divided by 329819.
1
Calculate the remainder when 99612213 is divided by 9.
6
What is the remainder when 26308 is divided by 7454?
3946
Calculate the remainder when 3019889 is divided by 244.
145
What is the remainder when 10076410 is divided by 2501?
2382
What is the remainder when 111995923 is divided by 562?
1
Calculate the remainder when 8154743 is divided by 145620.
23
What is the remainder when 5217162 is divided by 591?
405
What is the remainder when 1192391 is divided by 271?
262
What is the remainder when 257304 is divided by 1119?
1053
Calculate the remainder when 16001960 is divided by 58.
50
Calculate the remainder when 330484 is divided by 608.
340
What is the remainder when 49970957 is divided by 158?
139
Calculate the remainder when 1725017 is divided by 9080.
8897
Calculate the remainder when 1809657 is divided by 121.
102
Calculate the remainder when 63227 is divided by 229.
23
Calculate the remainder when 2947165 is divided by 29179.
86
What is the remainder when 885219 is divided by 1014?
1011
What is the remainder when 167947700 is divided by 46?
44
Calculate the remainder when 25005141 is divided by 25005129.
12
Calculate the remainder when 77317106 is divided by 25772368.
2
Calculate the remainder when 132283792 is divided by 4323.
4315
What is the remainder when 7327779 is divided by 133232?
19
What is the remainder when 85348583 is divided by 1353?
1343
What is the remainder when 552287 is divided by 184072?
71
Calculate the remainder when 445651836 is divided by 1072.
1068
Calculate the remainder when 1716984 is divided by 4616.
4448
What is the remainder when 23168172 is divided by 2574241?
3
What is the remainder when 2435487 is divided by 402?
171
Calculate the remainder when 57606381 is divided by 48.
45
Calculate the remainder when 563959 is divided by 3133.
19
Calculate the remainder when 11328246 is divided by 871400.
46
Calculate the remainder when 22667270 is divided by 7555755.
5
What is the remainder when 7199020 is divided by 1028429?
17
What is the remainder when 22833719 is divided by 2520?
2519
What is the remainder when 45518474 is divided by 15172748?
230
Calculate the remainder when 18408981 is divided by 38.
33
Calculate the remainder when 214253016 is divided by 20.
16
Calculate the remainder when 3048550 is divided by 4